{"id":194,"date":"2020-05-30T20:25:14","date_gmt":"2020-05-30T20:25:14","guid":{"rendered":"https:\/\/joselevy.edu.mx\/?page_id=194"},"modified":"2025-06-23T15:29:08","modified_gmt":"2025-06-23T15:29:08","slug":"calendario","status":"publish","type":"page","link":"https:\/\/joselevy.edu.mx\/calendario\/","title":{"rendered":"Calendario"},"content":{"rendered":"\t\t<div data-elementor-type=\"wp-page\" data-elementor-id=\"194\" class=\"elementor elementor-194\">\n\t\t\t\t\t\t<section class=\"elementor-section elementor-top-section elementor-element elementor-element-86cc99a elementor-section-full_width elementor-section-height-default elementor-section-height-default\" data-id=\"86cc99a\" data-element_type=\"section\" data-e-type=\"section\">\n\t\t\t\t\t\t<div class=\"elementor-container elementor-column-gap-default\">\n\t\t\t\t\t<div class=\"elementor-column elementor-col-100 elementor-top-column elementor-element elementor-element-09c476c\" data-id=\"09c476c\" data-element_type=\"column\" data-e-type=\"column\">\n\t\t\t<div class=\"elementor-widget-wrap elementor-element-populated\">\n\t\t\t\t\t\t<div class=\"elementor-element elementor-element-81236a4 elementor-widget elementor-widget-image\" data-id=\"81236a4\" data-element_type=\"widget\" data-e-type=\"widget\" data-widget_type=\"image.default\">\n\t\t\t\t<div class=\"elementor-widget-container\">\n\t\t\t\t\t\t\t\t\t\t\t\t\t\t\t<img fetchpriority=\"high\" decoding=\"async\" width=\"716\" height=\"1024\" src=\"https:\/\/joselevy.edu.mx\/wp-content\/uploads\/2025\/06\/CALENDARIO-ESCOLAR-2025-2026-716x1024.png\" class=\"attachment-large size-large wp-image-577\" alt=\"\" srcset=\"https:\/\/joselevy.edu.mx\/wp-content\/uploads\/2025\/06\/CALENDARIO-ESCOLAR-2025-2026-716x1024.png 716w, https:\/\/joselevy.edu.mx\/wp-content\/uploads\/2025\/06\/CALENDARIO-ESCOLAR-2025-2026-210x300.png 210w, https:\/\/joselevy.edu.mx\/wp-content\/uploads\/2025\/06\/CALENDARIO-ESCOLAR-2025-2026-768x1098.png 768w, https:\/\/joselevy.edu.mx\/wp-content\/uploads\/2025\/06\/CALENDARIO-ESCOLAR-2025-2026-1074x1536.png 1074w, https:\/\/joselevy.edu.mx\/wp-content\/uploads\/2025\/06\/CALENDARIO-ESCOLAR-2025-2026-1432x2048.png 1432w\" sizes=\"(max-width: 716px) 100vw, 716px\" \/>\t\t\t\t\t\t\t\t\t\t\t\t\t\t\t<\/div>\n\t\t\t\t<\/div>\n\t\t\t\t\t<\/div>\n\t\t<\/div>\n\t\t\t\t\t<\/div>\n\t\t<\/section>\n\t\t\t\t<section class=\"elementor-section elementor-top-section elementor-element elementor-element-0334733 elementor-section-boxed elementor-section-height-default elementor-section-height-default\" data-id=\"0334733\" data-element_type=\"section\" data-e-type=\"section\">\n\t\t\t\t\t\t<div class=\"elementor-container elementor-column-gap-default\">\n\t\t\t\t\t<div class=\"elementor-column elementor-col-100 elementor-top-column elementor-element elementor-element-b5aad86\" data-id=\"b5aad86\" data-element_type=\"column\" data-e-type=\"column\">\n\t\t\t<div class=\"elementor-widget-wrap\">\n\t\t\t\t\t\t\t<\/div>\n\t\t<\/div>\n\t\t\t\t\t<\/div>\n\t\t<\/section>\n\t\t\t\t<\/div>\n\t\t","protected":false},"excerpt":{"rendered":"","protected":false},"author":3,"featured_media":0,"parent":0,"menu_order":0,"comment_status":"closed","ping_status":"closed","template":"","meta":{"footnotes":""},"class_list":["post-194","page","type-page","status-publish"],"yoast_head":"<!-- This site is optimized with the Yoast SEO plugin v27.5 - https:\/\/yoast.com\/product\/yoast-seo-wordpress\/ -->\r\n<title>Calendario - Instituto Jos\u00e9 L\u00e9vy<\/title>\r\n<meta name=\"robots\" content=\"index, follow, max-snippet:-1, max-image-preview:large, max-video-preview:-1\" \/>\r\n<link rel=\"canonical\" href=\"https:\/\/joselevy.edu.mx\/calendario\/\" \/>\r\n<meta property=\"og:locale\" content=\"es_ES\" \/>\r\n<meta property=\"og:type\" content=\"article\" \/>\r\n<meta property=\"og:title\" content=\"Calendario - Instituto Jos\u00e9 L\u00e9vy\" \/>\r\n<meta property=\"og:url\" content=\"https:\/\/joselevy.edu.mx\/calendario\/\" \/>\r\n<meta property=\"og:site_name\" content=\"Instituto Jos\u00e9 L\u00e9vy\" \/>\r\n<meta property=\"article:modified_time\" content=\"2025-06-23T15:29:08+00:00\" \/>\r\n<meta property=\"og:image\" content=\"https:\/\/joselevy.edu.mx\/wp-content\/uploads\/2025\/06\/CALENDARIO-ESCOLAR-2025-2026-716x1024.png\" \/>\r\n<meta name=\"twitter:card\" content=\"summary_large_image\" \/>\r\n<meta name=\"twitter:label1\" content=\"Tiempo de lectura\" \/>\n\t<meta name=\"twitter:data1\" content=\"1 minuto\" \/>\r\n<script type=\"application\/ld+json\" class=\"yoast-schema-graph\">{\"@context\":\"https:\\\/\\\/schema.org\",\"@graph\":[{\"@type\":\"WebPage\",\"@id\":\"https:\\\/\\\/joselevy.edu.mx\\\/calendario\\\/\",\"url\":\"https:\\\/\\\/joselevy.edu.mx\\\/calendario\\\/\",\"name\":\"Calendario - Instituto Jos\u00e9 L\u00e9vy\",\"isPartOf\":{\"@id\":\"https:\\\/\\\/joselevy.edu.mx\\\/#website\"},\"primaryImageOfPage\":{\"@id\":\"https:\\\/\\\/joselevy.edu.mx\\\/calendario\\\/#primaryimage\"},\"image\":{\"@id\":\"https:\\\/\\\/joselevy.edu.mx\\\/calendario\\\/#primaryimage\"},\"thumbnailUrl\":\"https:\\\/\\\/joselevy.edu.mx\\\/wp-content\\\/uploads\\\/2025\\\/06\\\/CALENDARIO-ESCOLAR-2025-2026-716x1024.png\",\"datePublished\":\"2020-05-30T20:25:14+00:00\",\"dateModified\":\"2025-06-23T15:29:08+00:00\",\"breadcrumb\":{\"@id\":\"https:\\\/\\\/joselevy.edu.mx\\\/calendario\\\/#breadcrumb\"},\"inLanguage\":\"es\",\"potentialAction\":[{\"@type\":\"ReadAction\",\"target\":[\"https:\\\/\\\/joselevy.edu.mx\\\/calendario\\\/\"]}]},{\"@type\":\"ImageObject\",\"inLanguage\":\"es\",\"@id\":\"https:\\\/\\\/joselevy.edu.mx\\\/calendario\\\/#primaryimage\",\"url\":\"https:\\\/\\\/joselevy.edu.mx\\\/wp-content\\\/uploads\\\/2025\\\/06\\\/CALENDARIO-ESCOLAR-2025-2026.png\",\"contentUrl\":\"https:\\\/\\\/joselevy.edu.mx\\\/wp-content\\\/uploads\\\/2025\\\/06\\\/CALENDARIO-ESCOLAR-2025-2026.png\",\"width\":2204,\"height\":3151},{\"@type\":\"BreadcrumbList\",\"@id\":\"https:\\\/\\\/joselevy.edu.mx\\\/calendario\\\/#breadcrumb\",\"itemListElement\":[{\"@type\":\"ListItem\",\"position\":1,\"name\":\"Inicio\",\"item\":\"https:\\\/\\\/joselevy.edu.mx\\\/\"},{\"@type\":\"ListItem\",\"position\":2,\"name\":\"Calendario\"}]},{\"@type\":\"WebSite\",\"@id\":\"https:\\\/\\\/joselevy.edu.mx\\\/#website\",\"url\":\"https:\\\/\\\/joselevy.edu.mx\\\/\",\"name\":\"Instituto Jos\u00e9 L\u00e9vy\",\"description\":\"Primaria y Jard\u00edn de Ni\u00f1os\",\"publisher\":{\"@id\":\"https:\\\/\\\/joselevy.edu.mx\\\/#organization\"},\"potentialAction\":[{\"@type\":\"SearchAction\",\"target\":{\"@type\":\"EntryPoint\",\"urlTemplate\":\"https:\\\/\\\/joselevy.edu.mx\\\/?s={search_term_string}\"},\"query-input\":{\"@type\":\"PropertyValueSpecification\",\"valueRequired\":true,\"valueName\":\"search_term_string\"}}],\"inLanguage\":\"es\"},{\"@type\":\"Organization\",\"@id\":\"https:\\\/\\\/joselevy.edu.mx\\\/#organization\",\"name\":\"Instituto Jos\u00e9 L\u00e9vy\",\"url\":\"https:\\\/\\\/joselevy.edu.mx\\\/\",\"logo\":{\"@type\":\"ImageObject\",\"inLanguage\":\"es\",\"@id\":\"https:\\\/\\\/joselevy.edu.mx\\\/#\\\/schema\\\/logo\\\/image\\\/\",\"url\":\"https:\\\/\\\/joselevy.edu.mx\\\/wp-content\\\/uploads\\\/2020\\\/05\\\/logo.png\",\"contentUrl\":\"https:\\\/\\\/joselevy.edu.mx\\\/wp-content\\\/uploads\\\/2020\\\/05\\\/logo.png\",\"width\":292,\"height\":230,\"caption\":\"Instituto Jos\u00e9 L\u00e9vy\"},\"image\":{\"@id\":\"https:\\\/\\\/joselevy.edu.mx\\\/#\\\/schema\\\/logo\\\/image\\\/\"}}]}<\/script>\r\n<!-- \/ Yoast SEO plugin. -->","yoast_head_json":{"title":"Calendario - Instituto Jos\u00e9 L\u00e9vy","robots":{"index":"index","follow":"follow","max-snippet":"max-snippet:-1","max-image-preview":"max-image-preview:large","max-video-preview":"max-video-preview:-1"},"canonical":"https:\/\/joselevy.edu.mx\/calendario\/","og_locale":"es_ES","og_type":"article","og_title":"Calendario - Instituto Jos\u00e9 L\u00e9vy","og_url":"https:\/\/joselevy.edu.mx\/calendario\/","og_site_name":"Instituto Jos\u00e9 L\u00e9vy","article_modified_time":"2025-06-23T15:29:08+00:00","og_image":[{"url":"https:\/\/joselevy.edu.mx\/wp-content\/uploads\/2025\/06\/CALENDARIO-ESCOLAR-2025-2026-716x1024.png","type":"","width":"","height":""}],"twitter_card":"summary_large_image","twitter_misc":{"Tiempo de lectura":"1 minuto"},"schema":{"@context":"https:\/\/schema.org","@graph":[{"@type":"WebPage","@id":"https:\/\/joselevy.edu.mx\/calendario\/","url":"https:\/\/joselevy.edu.mx\/calendario\/","name":"Calendario - Instituto Jos\u00e9 L\u00e9vy","isPartOf":{"@id":"https:\/\/joselevy.edu.mx\/#website"},"primaryImageOfPage":{"@id":"https:\/\/joselevy.edu.mx\/calendario\/#primaryimage"},"image":{"@id":"https:\/\/joselevy.edu.mx\/calendario\/#primaryimage"},"thumbnailUrl":"https:\/\/joselevy.edu.mx\/wp-content\/uploads\/2025\/06\/CALENDARIO-ESCOLAR-2025-2026-716x1024.png","datePublished":"2020-05-30T20:25:14+00:00","dateModified":"2025-06-23T15:29:08+00:00","breadcrumb":{"@id":"https:\/\/joselevy.edu.mx\/calendario\/#breadcrumb"},"inLanguage":"es","potentialAction":[{"@type":"ReadAction","target":["https:\/\/joselevy.edu.mx\/calendario\/"]}]},{"@type":"ImageObject","inLanguage":"es","@id":"https:\/\/joselevy.edu.mx\/calendario\/#primaryimage","url":"https:\/\/joselevy.edu.mx\/wp-content\/uploads\/2025\/06\/CALENDARIO-ESCOLAR-2025-2026.png","contentUrl":"https:\/\/joselevy.edu.mx\/wp-content\/uploads\/2025\/06\/CALENDARIO-ESCOLAR-2025-2026.png","width":2204,"height":3151},{"@type":"BreadcrumbList","@id":"https:\/\/joselevy.edu.mx\/calendario\/#breadcrumb","itemListElement":[{"@type":"ListItem","position":1,"name":"Inicio","item":"https:\/\/joselevy.edu.mx\/"},{"@type":"ListItem","position":2,"name":"Calendario"}]},{"@type":"WebSite","@id":"https:\/\/joselevy.edu.mx\/#website","url":"https:\/\/joselevy.edu.mx\/","name":"Instituto Jos\u00e9 L\u00e9vy","description":"Primaria y Jard\u00edn de Ni\u00f1os","publisher":{"@id":"https:\/\/joselevy.edu.mx\/#organization"},"potentialAction":[{"@type":"SearchAction","target":{"@type":"EntryPoint","urlTemplate":"https:\/\/joselevy.edu.mx\/?s={search_term_string}"},"query-input":{"@type":"PropertyValueSpecification","valueRequired":true,"valueName":"search_term_string"}}],"inLanguage":"es"},{"@type":"Organization","@id":"https:\/\/joselevy.edu.mx\/#organization","name":"Instituto Jos\u00e9 L\u00e9vy","url":"https:\/\/joselevy.edu.mx\/","logo":{"@type":"ImageObject","inLanguage":"es","@id":"https:\/\/joselevy.edu.mx\/#\/schema\/logo\/image\/","url":"https:\/\/joselevy.edu.mx\/wp-content\/uploads\/2020\/05\/logo.png","contentUrl":"https:\/\/joselevy.edu.mx\/wp-content\/uploads\/2020\/05\/logo.png","width":292,"height":230,"caption":"Instituto Jos\u00e9 L\u00e9vy"},"image":{"@id":"https:\/\/joselevy.edu.mx\/#\/schema\/logo\/image\/"}}]}},"_links":{"self":[{"href":"https:\/\/joselevy.edu.mx\/wp-json\/wp\/v2\/pages\/194","targetHints":{"allow":["GET"]}}],"collection":[{"href":"https:\/\/joselevy.edu.mx\/wp-json\/wp\/v2\/pages"}],"about":[{"href":"https:\/\/joselevy.edu.mx\/wp-json\/wp\/v2\/types\/page"}],"author":[{"embeddable":true,"href":"https:\/\/joselevy.edu.mx\/wp-json\/wp\/v2\/users\/3"}],"replies":[{"embeddable":true,"href":"https:\/\/joselevy.edu.mx\/wp-json\/wp\/v2\/comments?post=194"}],"version-history":[{"count":8,"href":"https:\/\/joselevy.edu.mx\/wp-json\/wp\/v2\/pages\/194\/revisions"}],"predecessor-version":[{"id":580,"href":"https:\/\/joselevy.edu.mx\/wp-json\/wp\/v2\/pages\/194\/revisions\/580"}],"wp:attachment":[{"href":"https:\/\/joselevy.edu.mx\/wp-json\/wp\/v2\/media?parent=194"}],"curies":[{"name":"wp","href":"https:\/\/api.w.org\/{rel}","templated":true}]}}

<!-- This site is optimized with the Yoast SEO plugin v27.5 - https://yoast.com/product/yoast-seo-wordpress/ -->
<title>Calendario - Instituto José Lévy</title>
<meta name="robots" content="index, follow, max-snippet:-1, max-image-preview:large, max-video-preview:-1" />
<link rel="canonical" href="https://joselevy.edu.mx/calendario/" />
<meta property="og:locale" content="es_ES" />
<meta property="og:type" content="article" />
<meta property="og:title" content="Calendario - Instituto José Lévy" />
<meta property="og:url" content="https://joselevy.edu.mx/calendario/" />
<meta property="og:site_name" content="Instituto José Lévy" />
<meta property="article:modified_time" content="2025-06-23T15:29:08+00:00" />
<meta property="og:image" content="https://joselevy.edu.mx/wp-content/uploads/2025/06/CALENDARIO-ESCOLAR-2025-2026-716x1024.png" />
<meta name="twitter:card" content="summary_large_image" />
<meta name="twitter:label1" content="Tiempo de lectura" />
	<meta name="twitter:data1" content="1 minuto" />
<script type="application/ld+json" class="yoast-schema-graph">{"@context":"https:\/\/schema.org","@graph":[{"@type":"WebPage","@id":"https:\/\/joselevy.edu.mx\/calendario\/","url":"https:\/\/joselevy.edu.mx\/calendario\/","name":"Calendario - Instituto José Lévy","isPartOf":{"@id":"https:\/\/joselevy.edu.mx\/#website"},"primaryImageOfPage":{"@id":"https:\/\/joselevy.edu.mx\/calendario\/#primaryimage"},"image":{"@id":"https:\/\/joselevy.edu.mx\/calendario\/#primaryimage"},"thumbnailUrl":"https:\/\/joselevy.edu.mx\/wp-content\/uploads\/2025\/06\/CALENDARIO-ESCOLAR-2025-2026-716x1024.png","datePublished":"2020-05-30T20:25:14+00:00","dateModified":"2025-06-23T15:29:08+00:00","breadcrumb":{"@id":"https:\/\/joselevy.edu.mx\/calendario\/#breadcrumb"},"inLanguage":"es","potentialAction":[{"@type":"ReadAction","target":["https:\/\/joselevy.edu.mx\/calendario\/"]}]},{"@type":"ImageObject","inLanguage":"es","@id":"https:\/\/joselevy.edu.mx\/calendario\/#primaryimage","url":"https:\/\/joselevy.edu.mx\/wp-content\/uploads\/2025\/06\/CALENDARIO-ESCOLAR-2025-2026.png","contentUrl":"https:\/\/joselevy.edu.mx\/wp-content\/uploads\/2025\/06\/CALENDARIO-ESCOLAR-2025-2026.png","width":2204,"height":3151},{"@type":"BreadcrumbList","@id":"https:\/\/joselevy.edu.mx\/calendario\/#breadcrumb","itemListElement":[{"@type":"ListItem","position":1,"name":"Inicio","item":"https:\/\/joselevy.edu.mx\/"},{"@type":"ListItem","position":2,"name":"Calendario"}]},{"@type":"WebSite","@id":"https:\/\/joselevy.edu.mx\/#website","url":"https:\/\/joselevy.edu.mx\/","name":"Instituto José Lévy","description":"Primaria y Jardín de Niños","publisher":{"@id":"https:\/\/joselevy.edu.mx\/#organization"},"potentialAction":[{"@type":"SearchAction","target":{"@type":"EntryPoint","urlTemplate":"https:\/\/joselevy.edu.mx\/?s={search_term_string}"},"query-input":{"@type":"PropertyValueSpecification","valueRequired":true,"valueName":"search_term_string"}}],"inLanguage":"es"},{"@type":"Organization","@id":"https:\/\/joselevy.edu.mx\/#organization","name":"Instituto José Lévy","url":"https:\/\/joselevy.edu.mx\/","logo":{"@type":"ImageObject","inLanguage":"es","@id":"https:\/\/joselevy.edu.mx\/#\/schema\/logo\/image\/","url":"https:\/\/joselevy.edu.mx\/wp-content\/uploads\/2020\/05\/logo.png","contentUrl":"https:\/\/joselevy.edu.mx\/wp-content\/uploads\/2020\/05\/logo.png","width":292,"height":230,"caption":"Instituto José Lévy"},"image":{"@id":"https:\/\/joselevy.edu.mx\/#\/schema\/logo\/image\/"}}]}</script>
<!-- / Yoast SEO plugin. -->

Calendario - Instituto José Lévy

Instituto José Lévy

Primaria y Jardín de Niños
